hat is the tens digit of 225 - 2/(-6)*-9?
2
Suppose 3*y - 196 - 20 = 0. What is the units digit of y?
2
Let j = 35 + -6. Let w = j - 16. What is the units digit of w?
3
Let h = 2 + 0. What is the units digit of -3 - 36/(-2 - h)?
6
Suppose -w + r + 501 = 4*w, 0 = 2*w - 4*r - 186. What is the hundreds digit of w?
1
Let s be 17 + 1 - (2 - 0). What is the units digit of (9/2)/(12/s)?
6
Let x(s) = s + 9. Let p be x(-4). Suppose -80 = -5*v - 5*t, t - 68 = -p*v + 2*t. What is the units digit of v?
4
Let b(w) = w**2 + 4*w - 2. Suppose -8 = q - l, -4*q - 4 = 5*l + 10. What is the tens digit of b(q)?
1
Let u be -5*(-2 - -1)/1. Let d(g) = 2*g + 2. What is the tens digit of d(u)?
1
Let m be (-8 - -4)*7/(-4). Suppose -7*k = -3*k + a - m, -k + 5*a = 14. Suppose 4*g + i = -3*i - 4, 0 = 4*g + 3*i + k. What is the units digit of g?
2
Let p(n) = n**3 - 9*n**2 + 9*n. Let f be (5 + -2 + -1)*-5. Let j be (8/f)/((-1)/10). What is the units digit of p(j)?
8
Suppose 10 = 5*m - 0. Suppose -r + 2 = -n, -4*n = -m*r + 7*r - 10. Suppose -15 + 1 = -5*p - 4*j, 0 = 2*p - r*j - 20. What is the units digit of p?
6
Let d = -69 + -15. Let b = d - -124. Suppose b - 1 = 3*q. What is the units digit of q?
3
Let z(x) = -2*x**3 - 6*x**2 - 8*x - 8. Let o(y) = -y**3 - y - 1. Let v(n) = o(n) - z(n). Let a be v(-5). Let i = 4 - a. What is the units digit of i?
7
Let v = -7 + 11. Let a(h) = 2*h**2 - 3*h - 1. What is the units digit of a(v)?
9
Suppose o + 2*o + 2*i = -12, 3*i - 16 = 4*o. Let n be (-138)/(-18) + (-2)/(-6). Let j = o + n. What is the units digit of j?
4
Suppose -4*h + 3*i + 34 = 0, -h - 6*i = -3*i - 16. Let d = 7 + h. What is the tens digit of d?
1
Suppose 0 = -2*w + 5 + 25. What is the tens digit of w?
1
Suppose -3*h - 12 = 0, -19 = 2*r - 5*r - 2*h. Let a(t) = t**2 - 9*t + 2. Let w be a(r). Suppose 0 = w*g + g - 30. What is the tens digit of g?
1
Let f = 229 + 19. What is the hundreds digit of f?
2
Let d be ((-8)/6)/((-4)/384). Suppose 3*u - 7*u = -d. What is the units digit of u?
2
Let r(g) = 29*g**2 - 2*g + 2. What is the units digit of r(2)?
4
Suppose 0 = 2*b + 3*i + 2, b - 2*i = i + 8. Suppose 0*g + b = g. What is the units digit of g?
2
Suppose -4*s = 4 - 52. Let z = 17 - s. Suppose -z*p + 48 = -p. What is the units digit of p?
2
Let r = 4 + 14. Suppose -k + 44 = k. Suppose 2*l = r + k. What is the units digit of l?
0
Let v(o) = o**2 + 12*o - 5. What is the units digit of v(-15)?
0
Suppose 3*s + 6 = -m, -5*s + 10 - 40 = -5*m. Suppose -4*a - 5*h + 23 = 0, -16 = -m*a - 0*a - 4*h. Let v = 24 - a. What is the units digit of v?
2
Suppose -5*k = -5*y - 5, k + 11 = -y + 4*k. Suppose -5*i = -a + 3*a - 4, 5*a = -5*i + 10. Let h = i + y. What is the units digit of h?
4
Let m(t) = -t + 5. Let s be m(6). Let q = -2 - s. What is the units digit of (5*(-2 - -1))/q?
5
Suppose 2*q = -3*w + w + 12, -5*w + 4*q - 6 = 0. Suppose w*x - 5*p = 11 + 20, -37 = -4*x + 5*p. Let v = 6 - x. What is the units digit of v?
3
Let j be 9/4 + (-5)/20. Suppose 0 + j = 2*t. What is the units digit of t?
1
Suppose -5*y - 15 = -4*f - 87, 0 = -5*y + 2*f + 66. Let z = 6 - -11. Let m = z - y. What is the units digit of m?
5
Suppose 78 = 3*m + m - 2*f, 5*f = m + 3. What is the tens digit of m?
2
Let c(z) = -z**3 + 4*z**2 + 3. Let p be c(4). Suppose -11 = -4*d + 9, p*d = q - 29. What is the units digit of q?
4
Let i(l) = 5*l + 2 + l**2 - 8 + 0. Let u be i(-6). What is the units digit of -3 + 1 - (u - 7)?
5
Suppose 2*f - v = -6*v + 31, -10 = -2*v. Suppose 3*l + 6 = -0. Let c = f + l. What is the units digit of c?
1
Let v(u) = 7*u**3 - u**2. Let k be v(1). Suppose -k*c + 2*c = 0. Let w = c + 2. What is the units digit of w?
2
Let x = -152 - -81. Let i = x + 32. What is the units digit of (i/(-6)*-4)/(-2)?
3
Let s = 40 - 22. Suppose 2*k = -k + s. What is the units digit of k?
6
Let l(f) = 3*f + 7. What is the tens digit of l(13)?
4
Suppose -7*s = -0*s - 28. What is the units digit of s?
4
Let f(l) = -l**3 + 9*l**2 - 9*l + 2. What is the units digit of f(7)?
7
Suppose -2*x = -4*x - 4. What is the units digit of (-18)/(-10) - x/10?
2
Let l(f) = -14*f + 1. Let v be l(-1). What is the units digit of 5/(v/(-9))*-1?
3
What is the tens digit of 240/9 + (-10)/15?
2
Let t(h) = 6*h + 4. Let b(s) = -5*s - 4. Let j(q) = -7*b(q) - 6*t(q). Let c(p) = 2*p - 4. Let f be c(2). What is the units digit of j(f)?
4
Let g = 4 + -5. Suppose 2*a + 32 = -4*d - 0, -5*d = 5*a + 80. Let n = g - a. What is the units digit of n?
5
Suppose -3*u + 11 + 5 = 2*c, 0 = 5*c - 5*u + 10. Let l be 2 - (c + -1)*0. Suppose 25 = -5*z, -4*x - l*z = -0*z - 6. What is the units digit of x?
4
Suppose 4*j + 0*j - 132 = 0. What is the units digit of j?
3
Suppose 4*t + 88 = 652. What is the units digit of t?
1
Suppose -u + q - 7 = 0, 4*u + 3*q + 4 = -3. Let p(r) = r**2 + 2*r + 1. Let x be p(u). What is the units digit of 39/6 + x/6?
8
Let v(r) = 7*r - 5. Let g be v(8). Suppose -g - 24 = -5*u. What is the tens digit of u?
1
Let v(o) = -o**3 + 7*o**2 + 11*o - 1. What is the tens digit of v(8)?
2
What is the units digit of -4 + (-2 - -1) + 64?
9
Suppose 4*g + 1 = 13. What is the units digit of 18/(-2)*g/(-9)?
3
Suppose -15 = -3*h - 2*h. Suppose -2*k - 5 = -h*k, 4*l + 5*k = -63. What is the units digit of -1 - (l/1)/1?
1
Suppose -113 = 3*u - 5. Let r = u - -131. Suppose -4*i - 28 = -5*j + 67, -2*i + r = 5*j. What is the units digit of j?
9
Suppose -1 = -5*x + 2*f, 13 = x + 4*f + 4. Let j(i) = 4*i**3 + 4*i**2 - i + 1. Let d(p) = p**2. Let b(a) = -3*d(a) + j(a). What is the units digit of b(x)?
5
Let z(m) = m**3 + 9*m**2 - 3*m - 4. Suppose 13 = -5*s - 32. What is the units digit of z(s)?
3
Suppose 5*r - 4*g = 0, -g = -0*r + 2*r. Let n(t) = t + 15. What is the units digit of n(r)?
5
Let n(a) = a**2 + 5*a + 1. Let u be n(-5). Suppose 7 = -3*g + 4*i, 3*g + 20 = -3*i - u. Let c(r) = -r**3 - 6*r**2 - 5*r + 5. What is the units digit of c(g)?
5
Let i = -2 - -3. What is the units digit of 3 + (0 - (1 + i))?
1
Let p = 47 - -9. What is the tens digit of p?
5
Let d(f) = -10*f**3 + 2*f**2 - 1. Let y be d(-2). Suppose -5*x - 32 = -y. What is the tens digit of x?
1
Let t = -464 + 766. What is the hundreds digit of t?
3
Let k(z) = 4*z - 2. Let w be k(1). Let l = -1 + w. What is the units digit of l?
1
Suppose 4*x - 5*y + 6 = -14, 5*y = 3*x + 20. Let j(p) be the second derivative of p**5/20 + 7*p**2/2 + p. What is the units digit of j(x)?
7
Let f be 6/4 + 20/8. Let b(o) = 3*o + 5. What is the units digit of b(f)?
7
Suppose 9 + 3 = 3*t. What is the units digit of t?
4
Suppose -122 = -u - 2*u + 4*y, 4*y = 2*u - 84. Let l = u - 27. What is the units digit of (-6)/33 + 57/l?
5
Suppose -3*y + 12 = 0, -r - 5*y + 267 = -0*r. What is the hundreds digit of r?
2
Suppose 5*f - 3*f = 36. Suppose -3*i + 15 = -i + n, 0 = -5*i + 4*n + f. What is the units digit of i?
6
What is the units digit of 2 - ((-6)/18 + (-56)/3)?
1
Let t(x) = -x**2 + 8*x + 11. What is the units digit of t(8)?
1
Let l be -1 + 3 + 0 + 2. Suppose 3*b + 8 = 3*i + 35, 0 = -4*i - l*b - 4. What is the tens digit of 2/((-2)/i)*2?
1
Let y be 3/(-6)*-66 + 2. Suppose 3*m - 13 = y. Let f = m - -1. What is the units digit of f?
7
Let o be 1*2 - (-75)/3. Let f = 64 - o. Suppose -3*t - h + 29 = 0, 0 = 2*t + t + 5*h - f. What is the units digit of t?
9
Suppose -4*b + 9*b = 10, 5*b = 2*m + 270. What is the tens digit of (-4)/7 + m/(-7)?
1
Suppose 6*m + 177 = 9*m. What is the units digit of m?
9
Suppose -11 = -5*u + 4*o, -3*u - 2*o + 5 = -4*o. Let n be (-4)/(-2)*u - -11. Suppose -3*c + 0*c + 27 = -3*j, c = 2*j + n. What is the units digit of c?
9
Suppose v - 1 - 2 = -5*d, -4*v + 2*d + 34 = 0. Suppose 15 = -3*p + v*p. Suppose -p*w + 5*w = 8. What is the units digit of w?
4
What is the tens digit of (1 - (-2)/1) + (20 - -158)?
8
Let t(k) = 3*k - 10. Let a(j) = j**2 + j + 1. Let f be a(-3). Suppose 4*c = f*c - 24. What is the tens digit of t(c)?
1
Let l(i) be the third derivative of i**6/24 - i**5/60 + i**3/6 - i**2. Suppose 0 = 9*u - 5*u - 4. What is the units digit of l(u)?
5
Suppose 0 = -j - i - 10, 84 = -5*j - 2*i + 19. Let m(z) = -z**2 - 17*z + 2. What is the units digit of m(j)?
2
Suppose 2*g - 3*c = 2*c + 168, 0 = -g - 5*c + 54. What is the units digit of g?
4
Let n = -11 + 18. Let y(w) = w**3 - 8*w**2 + 9*w - 9. Let v be y(n). Suppos